 divide 392?
False
Does 21 divide 1716?
False
Is 3458 a multiple of 19?
True
Is 17108 a multiple of 182?
True
Does 18 divide 5976?
True
Does 16 divide 79055?
False
Is 667 a multiple of 98?
False
Does 7 divide 3805?
False
Is 13 a factor of 100711?
True
Is 1044 a multiple of 58?
True
Does 50 divide 69332?
False
Does 195 divide 17745?
True
Does 61 divide 1344?
False
Does 10 divide 860?
True
Is 96 a factor of 20613?
False
Is 3180 a multiple of 30?
True
Does 28 divide 101245?
False
Does 53 divide 23426?
True
Is 62 a factor of 9901?
False
Does 18 divide 810?
True
Does 108 divide 3888?
True
Is 31 a factor of 34773?
False
Is 55645 a multiple of 359?
True
Does 79 divide 2795?
False
Does 45 divide 483?
False
Is 1019 a multiple of 64?
False
Is 6842 a multiple of 22?
True
Is 28 a factor of 3153?
False
Is 550 a multiple of 21?
False
Is 62495 a multiple of 29?
True
Is 23 a factor of 1196?
True
Is 10752 a multiple of 12?
True
Does 10 divide 277?
False
Is 2320 a multiple of 116?
True
Is 2249 a multiple of 13?
True
Is 112 a factor of 7643?
False
Is 7560 a multiple of 12?
True
Is 7706 a multiple of 7?
False
Is 2 a factor of 11642?
True
Does 32 divide 27048?
False
Does 101 divide 303?
True
Does 80 divide 1201?
False
Does 12 divide 2265?
False
Is 17 a factor of 104975?
True
Does 5 divide 14045?
True
Is 6 a factor of 708?
True
Is 3 a factor of 852?
True
Does 88 divide 1839?
False
Is 19 a factor of 118137?
False
Is 17 a factor of 14246?
True
Does 4 divide 1030?
False
Is 39 a factor of 897?
True
Is 8 a factor of 12976?
True
Is 35 a factor of 147?
False
Is 35 a factor of 105?
True
Does 44 divide 616?
True
Is 14 a factor of 6272?
True
Is 8 a factor of 376?
True
Is 4566 a multiple of 129?
False
Does 62 divide 7895?
False
Does 134 divide 7604?
False
Is 8270 a multiple of 7?
False
Is 324 a multiple of 21?
False
Is 6910 a multiple of 7?
False
Is 31 a factor of 403?
True
Is 10140 a multiple of 156?
True
Is 13 a factor of 1162?
False
Is 16 a factor of 80436?
False
Is 36287 a multiple of 277?
True
Is 861 a multiple of 6?
False
Is 4508 a multiple of 23?
True
Is 2636 a multiple of 12?
False
Does 28 divide 616?
True
Is 26 a factor of 3718?
True
Is 14560 a multiple of 28?
True
Does 21 divide 1015?
False
Does 29 divide 1894?
False
Is 2752 a multiple of 51?
False
Is 35 a factor of 210?
True
Is 619 a multiple of 12?
False
Is 12 a factor of 1974?
False
Is 18 a factor of 234?
True
Is 70501 a multiple of 11?
False
Does 38 divide 290?
False
Is 63 a factor of 35589?
False
Is 42 a factor of 79?
False
Does 50 divide 1950?
True
Is 2768 a multiple of 14?
False
Does 49 divide 2688?
False
Does 6 divide 282?
True
Does 22 divide 270?
False
Is 353 even?
False
Is 27 a factor of 1016?
False
Does 4 divide 446?
False
Is 27 a factor of 975?
False
Is 14 a factor of 46337?
False
Is 22 a factor of 5398?
False
Is 9126 a multiple of 13?
True
Is 20 a factor of 2480?
True
Is 1771 a multiple of 15?
False
Is 27 a factor of 767?
False
Does 39 divide 1287?
True
Is 23 a factor of 1265?
True
Is 104 a multiple of 8?
True
Is 1135 a multiple of 9?
False
Is 26 a factor of 26?
True
Does 7 divide 2499?
True
Is 17 a factor of 17967?
False
Is 24 a factor of 5088?
True
Is 119986 a multiple of 17?
True
Does 62 divide 282?
False
Is 3589 a multiple of 11?
False
Does 90 divide 2160?
True
Is 20 a factor of 620?
True
Does 5 divide 105?
True
Does 117 divide 45162?
True
Is 8208 a multiple of 16?
True
Is 2010 a multiple of 15?
True
Does 130 divide 1560?
True
Is 9 a factor of 108?
True
Does 45 divide 720?
True
Does 36 divide 720?
True
Is 9 a factor of 29840?
False
Is 1623 a multiple of 60?
False
Is 15624 a multiple of 11?
False
Does 3 divide 9237?
True
Is 3448 a multiple of 8?
True
Does 11 divide 741?
False
Does 7 divide 3451?
True
Is 219 a multiple of 35?
False
Is 173 a factor of 16262?
True
Does 10 divide 3900?
True
Does 27 divide 2754?
True
Is 13 a factor of 20800?
True
Is 200 a multiple of 10?
True
Is 12204 a multiple of 54?
True
Does 8 divide 323?
False
Is 10823 a multiple of 79?
True
Is 70 a factor of 28700?
True
Does 37 divide 6105?
True
Is 40 a factor of 440?
True
Does 5 divide 651?
False
Is 238 a multiple of 12?
False
Does 119 divide 12971?
True
Is 264 a multiple of 33?
True
Does 5 divide 53?
False
Is 3549 a multiple of 91?
True
Is 544 a multiple of 17?
True
Is 12 a factor of 540?
True
Does 15 divide 45?
True
Does 8 divide 4328?
True
Does 7 divide 2570?
False
Does 6 divide 1660?
False
Is 2898 a multiple of 7?
True
Is 37 a factor of 2812?
True
Is 7164 a multiple of 18?
True
Is 6 a factor of 964?
False
Does 84 divide 2435?
False
Is 28 a factor of 14700?
True
Is 260 a multiple of 16?
False
Does 2 divide 302?
True
Is 9 a factor of 13966?
False
Does 44 divide 1154?
False
Is 1888 a multiple of 16?
True
Is 77 a factor of 16847?
False
Is 28 a factor of 840?
True
Does 9 divide 4374?
True
Does 56 divide 9854?
False
Is 93 a factor of 12834?
True
Does 91 divide 2240?
False
Does 69 divide 1124?
False
Is 28364 a multiple of 202?
False
Does 98 divide 4321?
False
Is 20 a multiple of 5?
True
Is 10780 a multiple of 35?
True
Is 442 a multiple of 33?
False
Is 108769 a multiple of 37?
False
Does 3 divide 2026?
False
Does 42 divide 42462?
True
Is 51 a factor of 3468?
True
Is 10 a factor of 5299?
False
Does 22 divide 33673?
False
Is 6526 a multiple of 13?
True
Does 37 divide 1332?
True
Is 1990 a multiple of 17?
False
Does 47 divide 736?
False
Is 129 a factor of 22546?
False
Is 4240 a multiple of 17?
False
Is 27 a factor of 602?
False
Is 1245 a multiple of 15?
True
Does 34 divide 16200?
False
Is 11264 a multiple of 44?
True
Is 56 a factor of 1764?
False
Is 630 a multiple of 7?
True
Is 11 a factor of 65?
False
Does 5 divide 6585?
True
Does 4 divide 96?
True
Is 132 a multiple of 12?
True
Does 13 divide 54760?
False
Is 20 a factor of 3881?
False
Is 7 a multiple of 4?
False
Is 41 a factor of 325?
False
Is 3402 a multiple of 24?
False
Does 37 divide 180?
False
Does 28 divide 2576?
True
Is 20 a factor of 138?
False
Is 3840 a multiple of 59?
False
Is 55 a factor of 1265?
True
Is 44 a factor of 352?
True
Is 38340 a multiple of 108?
True
Does 3 divide 1566?
True
Does 19 divide 12692?
True
Is 21 a factor of 420?
True
Is 59 a factor of 6709?
False
Is 2674 a multiple of 14?
True
Is 136 a multiple of 34?
True
Does 75 divide 7372?
False
Is 2118 a multiple of 12?
False
Is 35893 a multiple of 40?
False
Is 113 a factor of 904?
True
Does 49 divide 686?
True
Is 3 a factor of 1842?
True
Is 26 a factor of 520?
True
Does 8 divide 3320?
True
Is 216 a multiple of 36?
True
Is 9863 a multiple of 126?
False
Does 86 divide 3903?
False
Does 48 divide 2308?
False
Does 32 divide 60605?
False
Does 77 divide 385?
True
Is 45 a factor of 13368?
False
Does 14 divide 8544?
False
Does 5 divide 99?
False
Is 20 a factor of 482?
False
Does 33 divide 1567?
False
Does 10 divide 424?
False
Does 57 divide 14932?
False
Is 19 a factor of 1463?
True
Does 6 divide 3215?
False
Is 2196 a multiple of 31?
False
Is 8436 a multiple of 37?
True
Is 66 even?
True
Is 23 a factor of 349?
False
Does 19 divide 188?
False
Is 17 a factor of 8305?
False
Does 11 divide 1380?
False
Does 15 divide 525?
True
Is 26 a factor of 1361?
False
Does 164 divide 29114?
False
Is 20 a factor of 853?
False
Does 4 divide 124?
True
Does 17 divide 2955?
False
Does 29 divide 1131?
True
Is 2408 a multiple of 115?
False
Is 303 a multiple of 9?
False
Is 16 a factor of 85648?
True
Does 47 divide 809?
False
Is 2068 a multiple of 54?
False
Does 3 divide 66?
True
Does 30 divide 134589?
False
Does 8 divide 280?
True
Is 36 a factor of 432?
True
Is 85 a multiple of 17?
True
Is 308 a multiple of 5?
False
Is 50 a factor of 23600?
True
Is 4555 a multiple of 26?
False
Is 23 a factor of 43191?
False
Is 95 even?
False
Is 1798 a multiple of 71?
False
Is 234 a factor of 60840?
True
Is 95214 a multiple of 74?
False
Is 15 a factor of 6135?
True
Does 6 divide 2998?
False
Is 52013 a multiple of 15?
False
Is 8 a factor of 1878?
False
Is 290 a multiple of 10?
True
Is 24 a factor of 16226?
False
Does 37 divide 2967?
False
Is 15 a factor of 1185?
True
Is 26572 a multiple of 8?
False
Is 8 a factor of 24?
True
Is 9 a factor of 7488?
True
Does 10 divide 73120?
True
Is 11473 a multiple of 117?
False
Is 19 a factor of 6488?
False
Is 53 a factor of 477?
Tr